1).
11
Let u(p) = p**3 - 5*p**2 + 7*p + 1. Let b be u(3). Let y(n) be the second derivative of 1/20*n**5 + 2*n - 1/3*n**3 + 0 + 1/6*n**b + n**2. Determine y(-3).
-1
Let d(i) = -4 + 2*i**2 - 3*i**2 + 2*i**2 - 1. Let f(y) = y**2 - 2*y + 3. Let k be f(3). Suppose -2*o + k*o = 0. Give d(o).
-5
Let l(o) = -4*o**3 + 5*o**2 - o + 4. Let k(c) = -4*c**3 + 6*c**2 - 2*c + 5. Let j(q) = -3*k(q) + 4*l(q). Let u be 1*(-1 + -1) + 1. Give j(u).
5
Let v(a) be the second derivative of a**5/60 + a**4/24 - 5*a**3/6 + 4*a**2 + a. Let p(u) be the first derivative of v(u). Determine p(0).
-5
Let k(v) = v**3 + 3 - 7 + 3. Let g(j) = -j**3 + 7*j**2 + 7*j + 10. Let o be g(8). Let d be -3 + ((-6)/(-1))/o. What is k(d)?
-1
Suppose 22 - 8 = a. Suppose -2*x = 8 + a. Let u be (-4 - x) + (-2 - 0). Let d(k) = -k**2 + 3*k + 5. Calculate d(u).
-5
Let t(i) = 3*i**2 - 7*i - 2. Let r(n) = -n**2 + 3*n + 1. Suppose 3 + 2 = a. Let u(z) = a*r(z) + 2*t(z). Determine u(2).
7
Let c(b) = 5*b**2 + 25*b - 26. Let d(n) be the second derivative of -n**4/12 - 5*n**3/6 + 5*n**2/2 - 2*n. Let t(r) = -2*c(r) - 11*d(r). What is t(-3)?
-9
Let d(q) = 2*q**2 + q + 3. Let z be d(-1). Let r(x) = -x**3 + 5*x**2 - 3*x - 4. What is r(z)?
0
Let b(r) = -3*r - 1 + 1 + 3 - 4. Let g = 1 + 1. Give b(g).
-7
Let l(u) = u**3 + 3*u**2 - 1. Let z be 3/15 + 11/(-5). Let j be l(z). Suppose j*c + 3 = -0. Let t(n) = 5*n**2 - n - 1. Determine t(c).
5
Let k(p) = -6*p**2 + 3*p. Let q be (-8)/14*35/(-10). Determine k(q).
-18
Let b(w) be the third derivative of 0 + 0*w + 1/24*w**4 - w**2 - w**3. Let h = 95 + -91. Give b(h).
-2
Let d(l) = -2*l**3 + l**2 + l + 1. Let p be d(-1). Suppose -2*n - 25 = -7*n. Let x(w) = n + 3*w - 5*w + 4*w - p*w. What is x(4)?
1
Let g(p) = -p**2 - p - 1. Let q(l) = 4*l**2 + 8*l + 9. Let z(a) = 5*g(a) + q(a). Suppose -3*k - 5 + 23 = 0. Calculate z(k).
-14
Let x(o) be the first derivative of -o**3/3 + o**2/2 + 11*o - 4. Give x(0).
11
Let i(h) = 2*h**2 - 3*h + 2. Let m = 21 + -18. Determine i(m).
11
Let c(y) = 1. Let t(u) = u + 2. Let k = 5 + -12. Let i(m) = k*c(m) + 4*t(m). What is i(1)?
5
Let a(v) = -v**3 - 6*v**2 + 7*v. Suppose 0 = 3*h - j + 18, -4*j - 22 = h - 3. Give a(h).
0
Let c(o) be the third derivative of 0 + 7*o**2 + 1/24*o**4 + 0*o + 0*o**3. Give c(-6).
-6
Let n(a) = 7*a - 8. Let t(p) = -4*p + 4. Let b(d) = 3*n(d) + 5*t(d). Suppose 2*o - 15 = -5. Let x(h) = -h**3 + 5*h**2 - h + 7. Let y be x(o). Determine b(y).
-2
Suppose -5*g + 7*x - 3*x = -25, 0 = 3*g + 4*x + 17. Let m(p) = -7*p**2. Give m(g).
-7
Let r = 3 + -2. Let f(j) = j + 3. Let k be f(0). Suppose u + r - k = 0. Let g(h) = -2*h**3 + 2*h**2 + 2*h. Give g(u).
-4
Let t(c) be the second derivative of c**5/20 + 5*c**4/12 + 2*c**3/3 - 3*c. Suppose 2 + 2 = -a. What is t(a)?
0
Let x(t) = 2*t**2 - 4*t**2 + 4*t - 2*t + 3*t**2 + 1. What is x(-2)?
1
Let i = 2 - -2. Let j = 7 - i. Suppose -3*l - 18 = 2*k, k - 4*l - 10 = j. Let m(d) = -d**2 - 5*d - 3. What is m(k)?
3
Let u be (2/4 - -1)*2. Let m = -7 + u. Let j(i) = 2*i**3 + 3*i**2 - i**3 - 5*i - 3 + 4. What is j(m)?
5
Let h(k) be the second derivative of -k**3/6 + 5*k**2/2 - 11*k. Calculate h(7).
-2
Let d(g) = 4*g**2 - 1. Let l = 3 - -2. Suppose -4*m + w = -8, 5 + 8 = l*m - 2*w. Determine d(m).
3
Let p(n) be the first derivative of n**4/4 + n**3 - n**2 - 3*n + 1. Suppose 0 = 3*v - 6*v - l - 18, -l = v + 8. Let y = v + 2. Determine p(y).
3
Suppose 0 = -6*l + 2*l. Suppose -2*s - d = -l + 2, -3*s - 4 = 2*d. Let r(h) = -h**3 + h**2 - h + 5. Give r(s).
5
Let a(p) = -5*p + 7. Let o(u) = u. Let t(r) = -a(r) - 6*o(r). Suppose -2*g + 5*l - 15 = 0, -8*l = -3*l - 15. Determine t(g).
-7
Let y be (0 - -4)*15/60. Let s(m) = 1 - 4 + 3*m**3 - 2 + 4 - m**2 + m. What is s(y)?
2
Let x(o) = o**3 - 8. Suppose 0 = 76*v - 70*v. Determine x(v).
-8
Let d(y) = 2*y**3 - 3*y**2 + 4*y + 11. Let r(s) = 3*s**3 - 4*s**2 + 5*s + 12. Let u(f) = 4*d(f) - 3*r(f). What is u(0)?
8
Let b(d) = d + 12. Let z(m) = 6*m + 60. Let f(o) = -22*b(o) + 4*z(o). Let t(u) = u - 12. Let s(g) = 4*f(g) - 9*t(g). Calculate s(7).
5
Let r(a) = 3*a**2 + a. Let i = 29 + -30. Give r(i).
2
Let h(l) = -l**3 - 4*l**2 + 5*l - 5. Let r be (10/4)/((-4)/8). Calculate h(r).
-5
Let d(h) be the first derivative of -h**4/4 + 4*h**3/3 - 3*h**2/2 + 3*h + 2. What is d(3)?
3
Let b = -127 + 202. Suppose 4*v = v + b. Suppose 4*s = -s - v. Let j(k) = k**3 + 6*k**2 + 3*k - 4. Determine j(s).
6
Let v(b) = -b**2 - 3*b + 5. Let a = 6 + -4. Suppose -t - 12 = a*t. Determine v(t).
1
Let z(p) be the second derivative of p**3/6 - p**2 + p. Suppose -2*n = 5*v - 3, -n = -2*v + 4 - 1. Let c(m) = m**3 + 2*m**2 - 1. Let g be c(n). Calculate z(g).
-2
Let b(r) = r**3 + 5*r**2 - 5*r + 3. Let z be b(-6). Let j(t) be the second derivative of t**3/6 + t. Determine j(z).
-3
Let b(h) be the first derivative of h**5/60 + 4*h**3/3 - 4. Let t(v) be the third derivative of b(v). Give t(3).
6
Let g(x) = -x**3 + 693*x - 2*x**2 - 3 - 693*x. Calculate g(-3).
6
Let j(n) = -n**3 + 5*n**2 + n + 3. Let f(t) = -6*t**2 - t - 4. Suppose 2*c - 2*u + 0*u + 12 = 0, -5*c - u - 18 = 0. Let m(h) = c*f(h) - 5*j(h). Give m(1).
4
Let u(f) be the second derivative of -f**4/12 - f**3/2 - 3*f**2/2 - 7*f. Give u(-2).
-1
Let h(r) be the third derivative of r**5/60 - r**4/8 - 5*r**3/6 - 2*r**2. Let g be h(4). Let a(d) = -3*d**2 - 6*d**3 - 3*d - 1 + d + d**2. Give a(g).
5
Let q be 2 - 3/((-6)/(-4)). Let o(z) be the third derivative of -z**6/120 + z**4/24 + 7*z**3/6 + 6*z**2. Calculate o(q).
7
Let r = 6 + -1. Let g(x) = 4*x - r - 2*x + 1. Calculate g(3).
2
Let b(f) = -3*f**2 + 3*f + 3. Let y be b(-2). Let g = -11 - y. Let n(i) = 3*i**2 + 2*i + 4 + 2*i**2 - 6*i**2. Give n(g).
-4
Let p(j) = j**3 + 5*j**2 + 4*j. Let z(o) = o**2 + 5*o + 2. Let x be z(-3). What is p(x)?
0
Let m(n) = -5*n + 4*n - 10 + 0. What is m(-6)?
-4
Let u(i) be the second derivative of i**5/20 + i**4/12 + 2*i**3/3 + 3*i**2/2 + 34*i. Calculate u(-2).
-9
Let x(u) = u**3 - u**2 - 4*u - 3. Let p = -121 + 119. Calculate x(p).
-7
Suppose 3*g + 3 - 15 = 0. Let s(x) = 2*x**3 - x**2 + 3*x**3 - g*x**3 - 5 - x. Give s(0).
-5
Let u(f) = -3*f**3 - 3*f**2 + 5*f + 1. Let j(i) = 13*i**3 + 11*i**2 - 20*i - 4. Let l(s) = 2*j(s) + 9*u(s). Give l(-6).
7
Let g(n) = n - 2*n + 2*n - 5. Determine g(5).
0
Let h be -1*1 - (-28)/1. Let y = -6 + h. Let m be (-2 + -1)*7/y. Let t(a) = 3*a**3 - a**2 - 2*a - 1. What is t(m)?
-3
Suppose 3*n + n = 8. Suppose 2*l - 33 = -5*a, n*l = 3*a - 9 - 14. Suppose -1 = -4*y + a. Let v(g) = g**2 - g - 2. Calculate v(y).
0
Let a(l) = 26*l**3 - 5*l**2 + 2 + 0 - l - 25*l**3. Determine a(5).
-3
Let w(k) = 4*k - 1. Let p be 2/(4 - 6) - 0. Calculate w(p).
-5
Let z(u) = u**2 - 8*u + 6. Let g = -103 + 109. Give z(g).
-6
Let a(t) = 7*t**2 + 3*t - 4. Let w(m) = 8*m**2 + 3*m - 5. Let k(p) = -7*a(p) + 6*w(p). What is k(-2)?
0
Let k(j) be the first derivative of -j**5/120 - j**4/6 + 7*j**3/3 + 3. Let v(q) be the third derivative of k(q). Calculate v(-4).
0
Let x(l) = -l**2. Suppose 4*w - 3*i + 4 = -3, 5*i = 25. Suppose -w*u - 8 = -6*u. Calculate x(u).
-4
Let f(n) = -n**2 + n + 1. Let y = -31 - -34. Give f(y).
-5
Suppose -4*w = 3*l + 49, l - 7 + 17 = 5*w. Let a = l + 27. Let j be 4/14 - a/(-7). Let o(x) = x**3 - x**2 + 2*x + 1. Determine o(j).
9
Let j(k) be the second derivative of 5*k**3/6 + k**2 + k. Calculate j(-2).
-8
Suppose -d + 2*i = -6, 2*d + 5*i - i = 4. Let o(x) = -x + 5. What is o(d)?
1
Suppose -g = -2 - 0. Suppose 0 = -g*a + a - 5*q + 27, -5 = -5*a + q. Suppose 0 = -3*i + a*o - 6, 3*o = -4*i + 5*i - 5. Let h(r) = -r - 9. What is h(i)?
-5
Let u(y) = 2*y**2 + 4*y - 1. Let l(w) = -w**3 + 2*w**2 + 2*w. Let g be l(3). Let h be u(g). Let m(b) = -b**3 + 6*b**2 - 4*b + 1. Calculate m(h).
6
Let u(x) be the second derivative of -x**3/6 - 4*x**2 - 4*x. Determine u(-6).
-2
Suppose -5*u + 20 = p - 29, -u + 4*p = 7. Suppose 0 = 7*n - 3*n - s + u, -n + s - 3 = 0. Let h(f) = -2*f**2 - 3*f - 3. Calculate h(n).
-5
Let u(f) = -3*f + 0*f - 4*f + 2*f + 7. What is u(5)?
-18
Let l(p) = 6*p**2 + 5*p - 71. Let c(w) = w**2 + w - 14. Let t(o) = -11*c(o) + 2*l(o). Let a(s) = s**3 - 4*s**2 - 5*s. Let f be a(5). What is t(f)?
12
Let x(h) = 2 - 4 + h + 0. Let l(d) = -d**2 + 24*d + 22. Let k be l(25). Calculate x(k).
-5
Let z(g) = -2*g + 2. Suppose u + 1 = -5. Let x be z(u). Let h(f) =